{"version":"1.0","type":"rich","provider_name":"Blog V\u00e9nissian de Pierre-Alain Millet","provider_url":"https:\/\/pierrealainmillet.fr","title":"Pour une SACOVIV plus forte au service de ses locataires","author_name":"Pierre-Alain","width":"480","height":"295","url":"https:\/\/www.pierrealainmillet.fr\/Pour-une-SACOVIV-plus-forte-au-service-de-ses-locataires","html":"\u003Ch4 class='title'\u003E\u003Ca href='https:\/\/www.pierrealainmillet.fr\/Pour-une-SACOVIV-plus-forte-au-service-de-ses-locataires'\u003EPour une SACOVIV plus forte au service de ses locataires\u003C\/a\u003E\u003C\/h4\u003E\u003Cblockquote class='spip'\u003E\n\u003Cp\u003EMadame, monsieur, \n\nLes \u00e9lections municipale et m\u00e9tropolitaine des 15 et 22&nbsp;mars doivent permettre un d\u00e9bat citoyen sur les questions concr\u00e8tes qui vous concernent, dont le logement. \n\nAvec Mich\u00e8le Picard, j\u2019ai particip\u00e9 \u00e0 cinq rencontres \u00e0 l\u2019automne dernier pour \u00e9laborer des propositions \u00e0 d\u00e9couvrir dans le programme&#171;&nbsp;Unir, R\u00e9sister, Agir&nbsp;&#187;&nbsp;: organiser un forum annuel du logement avec les bailleurs, faire connaitre leurs projets, permettre l\u2019expression des amicales de locataires, et&nbsp;(\u2026)\u003C\/p\u003E\n\u003C\/blockquote\u003E\n"}

Blog Vénissian de Pierre-Alain Millet

<h4 class='title'><a href='https://www.pierrealainmillet.fr/Pour-une-SACOVIV-plus-forte-au-service-de-ses-locataires'>Pour une SACOVIV plus forte au service de ses locataires</a></h4><blockquote class='spip'>
<p>Madame, monsieur, 

Les élections municipale et métropolitaine des 15 et 22&nbsp;mars doivent permettre un débat citoyen sur les questions concrètes qui vous concernent, dont le logement. 

Avec Michèle Picard, j’ai participé à cinq rencontres à l’automne dernier pour élaborer des propositions à découvrir dans le programme&#171;&nbsp;Unir, Résister, Agir&nbsp;&#187;&nbsp;: organiser un forum annuel du logement avec les bailleurs, faire connaitre leurs projets, permettre l’expression des amicales de locataires, et&nbsp;(…)</p>
</blockquote>
